{"id":264,"date":"2025-06-24T09:53:19","date_gmt":"2025-06-24T07:53:19","guid":{"rendered":"https:\/\/carmoovix.fr\/?page_id=264"},"modified":"2025-06-24T10:00:05","modified_gmt":"2025-06-24T08:00:05","slug":"sorties_gestion","status":"publish","type":"page","link":"https:\/\/carmoovix.fr\/?page_id=264","title":{"rendered":"Sorties_Gestion"},"content":{"rendered":"\n<h3 class=\"wp-block-heading\">\ud83d\udc65 Gestion des responsables<\/h3>\n\n\n\n<p><strong>D\u00e9signez un ou plusieurs membres pour coordonner l&rsquo;organisation de la sortie.<\/strong><br>Vous pouvez \u00e9galement confier la gestion des finances \u00e0 d&rsquo;autres personnes.<br>Pour ce faire, cliquez sur la petite fl\u00e8che, puis s\u00e9lectionnez les mots <strong>\u00ab L&rsquo;Organisation ?\u00bb<\/strong> ou <strong>\u00ab Les Finances ?\u00bb<\/strong>, et choisissez un ou plusieurs membres selon leur r\u00f4le.<\/p>\n\n\n\n<figure class=\"wp-block-image size-full\"><img loading=\"lazy\" decoding=\"async\" width=\"885\" height=\"57\" src=\"https:\/\/carmoovix.fr\/wp-content\/uploads\/2025\/06\/Sorties_Acces.jpg\" alt=\"\" class=\"wp-image-266\" srcset=\"https:\/\/carmoovix.fr\/wp-content\/uploads\/2025\/06\/Sorties_Acces.jpg 885w, https:\/\/carmoovix.fr\/wp-content\/uploads\/2025\/06\/Sorties_Acces-300x19.jpg 300w, https:\/\/carmoovix.fr\/wp-content\/uploads\/2025\/06\/Sorties_Acces-768x49.jpg 768w\" sizes=\"auto, (max-width: 885px) 100vw, 885px\" \/><\/figure>\n\n\n\n<figure class=\"wp-block-image size-full\"><img loading=\"lazy\" decoding=\"async\" width=\"890\" height=\"212\" src=\"https:\/\/carmoovix.fr\/wp-content\/uploads\/2025\/06\/Sorties_Acces_2.jpg\" alt=\"\" class=\"wp-image-268\" srcset=\"https:\/\/carmoovix.fr\/wp-content\/uploads\/2025\/06\/Sorties_Acces_2.jpg 890w, https:\/\/carmoovix.fr\/wp-content\/uploads\/2025\/06\/Sorties_Acces_2-300x71.jpg 300w, https:\/\/carmoovix.fr\/wp-content\/uploads\/2025\/06\/Sorties_Acces_2-768x183.jpg 768w\" sizes=\"auto, (max-width: 890px) 100vw, 890px\" \/><\/figure>\n\n\n\n<hr class=\"wp-block-separator has-alpha-channel-opacity\"\/>\n\n\n\n<h3 class=\"wp-block-heading\">\ud83d\udcc5 Organisation<\/h3>\n\n\n\n<p>Les responsables auront acc\u00e8s \u00e0 l&rsquo;ensemble des fonctionnalit\u00e9s pour :<\/p>\n\n\n\n<ul class=\"wp-block-list\">\n<li>G\u00e9rer les pr\u00e9inscriptions et inscriptions<\/li>\n\n\n\n<li>Planifier les \u00e9tapes du s\u00e9jour<\/li>\n\n\n\n<li>Configurer les menus des restaurants<\/li>\n\n\n\n<li>D\u00e9finir les options d\u2019h\u00e9bergement<\/li>\n\n\n\n<li>Suivre les demandes de paiement<\/li>\n\n\n\n<li>Acc\u00e9der au tableau de bord complet<\/li>\n<\/ul>\n","protected":false},"excerpt":{"rendered":"<p>\ud83d\udc65 Gestion des responsables D\u00e9signez un ou plusieurs membres pour coordonner l&rsquo;organisation de la sortie.Vous pouvez \u00e9galement confier la gestion des finances \u00e0 d&rsquo;autres personnes.Pour ce faire, cliquez sur la petite fl\u00e8che, puis s\u00e9lectionnez les mots \u00ab L&rsquo;Organisation ?\u00bb ou \u00ab Les Finances ?\u00bb, et choisissez un ou plusieurs membres selon leur r\u00f4le. \ud83d\udcc5 Organisation [&hellip;]<\/p>\n","protected":false},"author":1,"featured_media":0,"parent":0,"menu_order":0,"comment_status":"closed","ping_status":"closed","template":"","meta":{"footnotes":""},"class_list":["post-264","page","type-page","status-publish","hentry"],"_links":{"self":[{"href":"https:\/\/carmoovix.fr\/index.php?rest_route=\/wp\/v2\/pages\/264","targetHints":{"allow":["GET"]}}],"collection":[{"href":"https:\/\/carmoovix.fr\/index.php?rest_route=\/wp\/v2\/pages"}],"about":[{"href":"https:\/\/carmoovix.fr\/index.php?rest_route=\/wp\/v2\/types\/page"}],"author":[{"embeddable":true,"href":"https:\/\/carmoovix.fr\/index.php?rest_route=\/wp\/v2\/users\/1"}],"replies":[{"embeddable":true,"href":"https:\/\/carmoovix.fr\/index.php?rest_route=%2Fwp%2Fv2%2Fcomments&post=264"}],"version-history":[{"count":4,"href":"https:\/\/carmoovix.fr\/index.php?rest_route=\/wp\/v2\/pages\/264\/revisions"}],"predecessor-version":[{"id":270,"href":"https:\/\/carmoovix.fr\/index.php?rest_route=\/wp\/v2\/pages\/264\/revisions\/270"}],"wp:attachment":[{"href":"https:\/\/carmoovix.fr\/index.php?rest_route=%2Fwp%2Fv2%2Fmedia&parent=264"}],"curies":[{"name":"wp","href":"https:\/\/api.w.org\/{rel}","templated":true}]}}